 is divided by q?
7
Let y(r) = r**2 - 104*r + 883. Calculate the remainder when y(98) is divided by 120.
55
Let b = -465 - -355. Calculate the remainder when (10/(-6))/((b/(-1287))/(-10)) is divided by 22.
19
Calculate the remainder when ((18/30)/(2/445))/((-513)/(-1368)) is divided by 127.
102
Suppose l - 5 = 0, -11 - 30 = -4*t + 3*l. Suppose -2 = 3*c - t. Suppose 4*n - 36 = -c. What is the remainder when 21 is divided by n?
5
Let a(x) = -x**2 - 70*x - 1180. What is the remainder when a(-38) is divided by 2?
0
Let y = 100 + -81. Suppose 4*w - 5*b = 35, 31*w - 26*w + b - 22 = 0. Calculate the remainder when y is divided by w.
4
Let d(q) = -q**2 + 4*q + 28. Suppose 2*k = r + 6, -3 = 3*r - 8*r - k. What is the remainder when 111 is divided by d(r)?
27
Suppose 10*c - 5*p = 5*c - 70, 0 = 3*p - 12. Let u = 10 + c. Suppose -2*x = 3*o - 55 - 13, u = -3*x - o + 88. What is the remainder when 82 is divided by x?
26
Let v = 393 - 382. Calculate the remainder when 4100 is divided by v.
8
Let c = -106 + 114. Suppose 0 = -3*x - z + 52, -3*x - 2*z = -c*x + 105. Suppose -b + 4*b = 9. What is the remainder when x is divided by b?
1
Suppose 11*r + 128 = 15*r + 2*g, 154 = 5*r + 4*g. Let b = -247 - -375. What is the remainder when b*1 - (-7 - -4) is divided by r?
29
Let c(k) = k**2 + 4*k - 1. What is the remainder when -41 + (-4706)/(-26) + 56 is divided by c(-6)?
9
Let l = -9675 - -9724. Calculate the remainder when 439 is divided by l.
47
Let g(k) = 4*k**2 - 106*k + 56. Calculate the remainder when 61 is divided by g(26).
1
Let k(u) = 5 + 2*u + u**3 - 11 + 6*u + 8*u**2 - 7*u. Let s be k(-8). What is the remainder when 24/(-84) + (-1194)/s is divided by 29?
27
Let w = -9559 + 10194. What is the remainder when 1283 is divided by w?
13
Suppose 0 = -60*i + 1683 + 1468 + 1349. What is the remainder when i is divided by (-88 + 1)*(-5)/15?
17
Let p = -1312 - -742. Let k = p - -590. What is the remainder when 437 is divided by k?
17
Suppose 2*q - 2*t - 6 = -0*t, -25 = 5*t. Calculate the remainder when 0/q + -5 + 271 is divided by 21.
14
What is the remainder when -1*(-29633 + (-11 - (0 - 7))) is divided by 14?
13
Suppose 0 = -21*s + 15158 + 1054. Suppose -12*x + s - 40 = 0. Calculate the remainder when x is divided by 16.
13
Let o(i) = 47*i**3 + 6*i**2 - 4*i - 55. Calculate the remainder when o(4) is divided by 82.
81
Suppose 5264 = k - 5*z, 5 = -2*z + 15. Calculate the remainder when k is divided by 143.
141
Let t be (-5 + -5)/(-2) + -3. Suppose -4*w = 3*x - 544, 0 = 3*w + t*w + x - 680. Calculate the remainder when w is divided by 28.
24
Suppose -n + 254 = 239. Suppose -3*d + 4*m = -2*d - 5, 0 = -d + m + 5. Suppose -3*a + 8*a - 8 = -y, 0 = -d*a. What is the remainder when n is divided by y?
7
Suppose 1246*z - 1140*z - 530 = 0. Calculate the remainder when 518 is divided by z.
3
Let h = -2424 - -2450. Suppose 2*i + 292 = 6*i. Calculate the remainder when i is divided by h.
21
Let t = -51 - -77. Calculate the remainder when 5 + 24/84 + t/7 is divided by (2 - 0) + 1 + 3.
3
Let m(y) = y**2 + 8*y + 13. Let i(k) = -k**3 - 25*k**2 + 28*k + 51. Let h be i(-26). What is the remainder when m(-9) is divided by ((-5)/15)/(h*(-2)/(-84))?
8
Suppose 4*s = 4*c + 176, s - 5*c = 7 + 57. Calculate the remainder when 242 is divided by s.
8
Let m be 1/(4/8) - 0. Let j be 4*(1 + m/(-8)). Suppose -5*u = -j*u - 92. What is the remainder when u is divided by 8?
6
Calculate the remainder when 24/(2 - -10)*655/10 is divided by 11/(-2)*(-24)/3.
43
Let g = 290 + -53. What is the remainder when 4*4/(48/g) is divided by 29?
21
Suppose -130*v + 16695 = 185*v. What is the remainder when 1477 is divided by v?
46
Let j = -6988 - -7987. What is the remainder when j is divided by 44?
31
Let l(z) = -z**2 - z + 140. What is the remainder when l(0) is divided by 124?
16
Suppose 54 + 18 = 12*k. Suppose 3*b = k*b - 18. Suppose -a + 56 = b*a. Calculate the remainder when 53 is divided by a.
5
Suppose 0 = 5*c - 3*m - 384, 4*c + m - 38 = 259. What is the remainder when 232 is divided by c?
7
Suppose -5*r - 1770 = -3*d, -r - 1746 = 296*d - 299*d. Calculate the remainder when 2911 is divided by d.
11
Suppose 29*f - 27*f - 282 = -4*t, -5*f - t = -696. Let a = -121 + 171. What is the remainder when f is divided by a?
39
Let b(c) = -c**3 - 18*c**2 + 46*c - 56. Calculate the remainder when b(-22) is divided by 46.
40
Suppose 2*x + s + 23 = 0, 2*x = 4*x + 3*s + 21. Let m be x*6/(-4) + 3. What is the remainder when (-2 - 12/(-4)) + m*1 is divided by 12?
10
Let k(d) = 20*d**2 - 57*d - 306. What is the remainder when k(-5) is divided by 81?
74
Let u = 13311 - 9162. What is the remainder when u is divided by 4?
1
Let g(n) = -498*n**3 + 6*n**2 + 44*n + 42. Let l = 17 - 8. What is the remainder when g(-1) is divided by l?
7
Let g be (-1)/(-6) + 138/36. Suppose -g*q + 1813 = -3*h, 3*q + 4*h = h + 1365. Calculate the remainder when q is divided by 38.
36
Let r(i) = 2*i**3 + 8*i**2 - 52*i + 136. Calculate the remainder when r(6) is divided by 119.
68
Let c(n) = 825*n + 11607. Calculate the remainder when 905 is divided by c(-14).
50
Let s be 5720/190 - 2/19. Suppose s*t + r = 32*t - 98, -t + 3*r = -39. Calculate the remainder when 115 is divided by t.
13
Suppose -3*g = 5*j - 389, -686*g = 3*j - 684*g - 233. Suppose 6*r - 61 = 3*r - 4*p, -36 = -2*r - 5*p. What is the remainder when j is divided by r?
10
Let f(s) = 17*s**2. Suppose -3*l - 48*n + 45*n = -429, 0 = n + 7. Calculate the remainder when l is divided by f(1).
14
Let q(u) = u**3 - 5*u**2 + 5*u + 6. Let c be q(5). Let d = 41 - c. Suppose 0 = w + 4*w + d, 0 = x + 2*w - 128. What is the remainder when x is divided by 45?
42
Let u(y) = -2*y**2 - 90*y - 100. Let q be u(-44). What is the remainder when 157 is divided by 395/10 - q/24?
37
Let m(w) = 2*w**2 - 4*w - 29. Let a be m(6). Suppose -a*l + 871 = -6*l. Suppose 26 = 4*g - 54. What is the remainder when l is divided by g?
7
Suppose 43*x - 4251 = -1585. Let v(i) = 2*i - 6. Let n be v(5). Suppose d = -0*s + 4*s - x, 5*s - 72 = n*d. What is the remainder when 95 is divided by s?
15
Let b(y) = y**3 + 4*y**2 - y + 5. Suppose 0 = 3*w + 2 + 10. Let p = 179 - 153. Calculate the remainder when p is divided by b(w).
8
Let c(p) = p**3 + 47*p**2 + 48*p + 127. Calculate the remainder when 558 is divided by c(-46).
33
Let r be 4 + (-71 - (6 - 4)). Let d = r + 122. What is the remainder when d is divided by (2/(-5) + -1)/((-1)/5)?
4
Suppose 4*l - s = 12, -14*l + 8 = -18*l - 4*s. Let w(q) = 79*q**3 + 6*q**2 - 7*q - 5. Calculate the remainder when w(l) is divided by 11.
10
Let x(c) be the second derivative of -1/20*c**5 + 17*c - 3/4*c**4 - 11/2*c**2 + 0 - 5/3*c**3. What is the remainder when 27 is divided by x(-8)?
2
Suppose -259*y + 264*y - 3730 = 0. Calculate the remainder when y is divided by 22.
20
Let d be -1*(0 - 58) - (-1 + 0). Suppose -166 = -61*t + d*t. What is the remainder when t is divided by 35?
13
Let f(w) = -122*w + 640. Calculate the remainder when 382 is divided by f(5).
22
Suppose q - 11 = 293. What is the remainder when q is divided by 11?
7
Suppose 155*d - 142*d = 104. What is the remainder when 1259 is divided by d?
3
Let t(z) = z**2 - 42*z - 10. Suppose 2*p - 2*h - 18 = 0, -2*p + 2*h + h + 15 = 0. Let b = p + -6. Calculate the remainder when t(43) is divided by b.
3
Suppose m - 4*q - 249 = -4*m, -1 = q. Calculate the remainder when 6465 is divided by m.
46
Let s(q) = 93 - 7*q - 2*q + 7*q**2 + 3*q + 7*q**2 - 82. Calculate the remainder when 83 is divided by s(2).
28
Suppose 2*h = h + 2. Suppose -h*u - 3*u = -55. What is the remainder when (6 + 0)/(12/78) is divided by u?
6
Suppose 2 = n, 4*z - z - 10 = -2*n. Calculate the remainder when (z/(-4))/((-6)/84) is divided by 3.
1
Let m(z) = -21*z. Let q be m(-1). Let r(b) = 5*b. Let k be r(q). Suppose 15*d - 10*d = k. Calculate the remainder when 38 is divided by d.
17
Suppose 0 = 536*a - 545*a - 3006. Let v = a + 338. Calculate the remainder when v is divided by 3.
1
Let c(y) = -5*y - 30. Let h be c(-12). Suppose 2*z + h = 4*z. Suppose -2*a + 75 = -z. What is the remainder when a is divided by 12?
9
Suppose -100 = -8867*j + 8865*j. Calculate the remainder when j is divided by 18.
14
Let x = -4512 + 4575. Calculate the remainder when 3/3 - (-498 + -2) is divided by x.